pose -47*s + 51*s - 788 = 0. What is the units digit of s?
7
Suppose 2*p + 4*w = 0, p - 3*w = 1 + 4. Suppose 6*a = p*a. Suppose a = -0*h + 4*h - 32. What is the units digit of h?
8
Let c be (2 - 0)*(-12)/(-8). Let f be 0/3 + c + -1. Let g = 11 + f. What is the units digit of g?
3
What is the thousands digit of (-12 - (-108 - -23))/((-1)/(-17))?
1
Let g(t) = t**3 - 5*t**2 + 3*t - 7. What is the tens digit of g(8)?
0
Let p(h) = -13*h + 6. Let o(s) = -25*s + 13. Let x(j) = -2*o(j) + 5*p(j). What is the tens digit of x(-6)?
9
Suppose 0 = 5*d - 5, 2*d - 4 = -p - p. Let a(o) = 61*o**2 + o + 1. What is the tens digit of a(p)?
6
Suppose w = -2*v + 23, -3*v + 2*w = -0*w - 38. Suppose 4*r + 10 = -18. Let a = r + v. What is the units digit of a?
5
Suppose 0 = -5*q - 2*z + 8953, q + 76*z - 73*z = 1788. What is the units digit of q?
1
Let a = -1330 - -4069. What is the hundreds digit of a?
7
Suppose -8*t = -4*r + 7332, 9143 = 5*r - 0*t + t. What is the units digit of r?
9
Let c = -2330 + 7953. What is the units digit of c?
3
Let g be (-1 - 1)/(4/(-46)). Let r = g + 1. What is the units digit of r?
4
Let b(l) = l**2 + 4*l - 2. Let r be b(-5). What is the tens digit of 34 - -1*6/r?
3
Let c = -12 + 20. Suppose -304 = -c*u - 48. What is the units digit of u?
2
Suppose -4*a + 17*a - 26338 = 0. What is the tens digit of a?
2
Suppose -3*l = -4*m - 4936 - 233, 4*m + 12 = 0. What is the tens digit of l?
1
Suppose 4*c = 6*c - 724. Let a = c - 243. Suppose -4*v + 0*t - 5*t = -a, -4*t = 2*v - 64. What is the units digit of v?
6
Suppose -15528 = -4*a + 4*x, 0 = 7*a - 6*a + x - 3886. What is the tens digit of a?
8
Let c(k) = 44*k**2 - 15*k - 58. What is the tens digit of c(-7)?
0
Suppose -x - 3*x = -924. What is the tens digit of x?
3
Suppose -m + 95 + 204 = -5*l, 4*m - 5*l - 1136 = 0. What is the tens digit of m?
7
Let u be 0 + 5*4/10. Suppose j = -u*x + 21 - 6, -j - 3 = 0. Suppose -x*z - 46 = -11*z. What is the tens digit of z?
2
Let o(z) be the first derivative of z**6/180 + z**5/30 - 2*z**3/3 + 1. Let s(w) be the third derivative of o(w). What is the units digit of s(-5)?
0
Suppose h = -2*q + 5*h - 32, -5*h = -5*q - 70. What is the units digit of 28/6 - (-8)/q?
4
Let w be (-2)/(-6) + (-50)/(-30). Suppose -w*o + 10 = -3*y + 3*o, -5*o = 20. Let u(b) = -b**2 - 15*b - 19. What is the units digit of u(y)?
1
Suppose -16*m = -22*m + 4680. What is the hundreds digit of m?
7
Let d(w) = 0*w + 107 + 22 + w - 4*w. Let h be d(0). Suppose v = 4*v - h. What is the units digit of v?
3
Suppose -314*w + 316*w = 456. What is the hundreds digit of w?
2
Let b be 0 + 2/(-2) + 0. Let a(w) = 202*w - 25. Let t(p) = -134*p + 16. Let v(n) = 5*a(n) + 8*t(n). What is the tens digit of v(b)?
6
Suppose 0 = 4*q - 10*q + 31020. What is the units digit of q/35 + 2/7?
8
Let v = -7 - -937. What is the hundreds digit of v?
9
Suppose 46*x - 23752 = 25100. What is the units digit of x?
2
Let g be (-4)/12 - 32/3. Let l = g - -30. Let t = l - 4. What is the units digit of t?
5
Suppose 557 = 8*w + 45. What is the tens digit of w?
6
Suppose 5*r - 3652 = 2*i, 4*r = -22*i + 17*i + 2948. What is the units digit of r?
2
Let c(y) = 19*y + 9 + 18*y - 42*y + 0*y**2 + y**2. Suppose -4*x + 30 = 2*q, -5*x - 3*q = 2*q - 45. What is the tens digit of c(x)?
1
Suppose -2*h + 4*h = 12. Let d be (-57)/(-18) - 1/h. Suppose 3*c + d = 6. What is the units digit of c?
1
Let o = -796 + 1092. What is the hundreds digit of o?
2
Let n(m) = 53*m**3 + 6*m**2 - m + 2. What is the tens digit of n(4)?
8
Let s = -12 + 16. Suppose 3*t - 3*o - 90 = -0*t, s*o + 60 = 2*t. What is the units digit of t?
0
Let w(y) = -y**3 - 9*y**2 + 15*y + 33. Let a be w(-12). Let z = 492 - a. What is the hundreds digit of z?
2
Let v(y) = y**2 + 6*y - 17. Let b be v(-8). What is the units digit of b*((-4644)/48 + 2/(-8))?
7
Let p be 579/(-2)*(-34)/51. Suppose p + 161 = 3*r. What is the hundreds digit of r?
1
Let h(s) = 2*s - 5. Let p be h(4). Let g(a) = 2*a**p - 6*a - 5*a**3 + 2*a**3 + 3 - 4*a**2 - a**2. What is the tens digit of g(-5)?
3
Let f = -39 - -32. Let q = f + 126. What is the tens digit of q?
1
Let v(q) be the first derivative of q**5/5 + q**4/6 + q**3/3 + q**2/2 - 1. Let s(w) be the second derivative of v(w). What is the units digit of s(-2)?
2
Suppose -2*i = 8, 4*n + 2*i + 3*i + 12 = 0. Suppose 25 = 5*y, -x + n*y + 4 = -15. What is the units digit of x?
9
Let y be 6/8 + 6/(-8) - -475. Suppose 165 = -2*l + y. What is the units digit of l?
5
Let x = -1629 - -2760. What is the tens digit of x?
3
Let d = 0 + -1. What is the tens digit of (-15)/((-12)/(-16)*d)?
2
Let b(k) = -32*k - 20. Let m be b(-9). Let j = m - 163. What is the tens digit of j?
0
Suppose -2*i + 3*i + 22 = -n, -2*n - 107 = 5*i. Let r(a) = 2*a**3 - 2*a**2 + 3*a + 2. Let c be r(3). Let b = i + c. What is the units digit of b?
6
Let a(j) = -15*j**3 + 2 - 7 + 7*j**2 - 19*j**3 - 1 + 35*j**3. Let v be (0 + -1)/(3/15). What is the units digit of a(v)?
4
Let h be 0/((-8)/4 + 4). Suppose -3*p + 0*p - 30 = h. What is the tens digit of (-15)/p - 174/(-4)?
4
Let b be (21 - -1 - 0)*1. Suppose 86 = 5*w - 3*t, -3*w - 3*t - b = -4*w. What is the units digit of w?
6
Let r be ((-825)/((-20)/4))/1. Suppose -19*i + 16*i = -r. What is the units digit of i?
5
Let t(f) = 3 - f - 3 - 8. Let w be t(-13). Suppose m = w*m - 100. What is the tens digit of m?
2
Let u(k) = 0*k + 8*k - 3 + 5*k + 0. What is the units digit of u(4)?
9
Let w(b) = b**3 + 14*b**2 - 30*b + 2. Let k(a) = -2*a**3 - 27*a**2 + 59*a - 4. Let j(p) = -4*k(p) - 7*w(p). What is the tens digit of j(-12)?
2
Suppose 0 = -510*p + 527*p - 33694. What is the hundreds digit of p?
9
Suppose 2*c = 6, -4*c + 3021 = 5*l - 2*c. What is the tens digit of l?
0
Let f(g) = -g + 9. Let v be f(9). Suppose v = -0*s + 5*s. Suppose 8*q - 3*q - 225 = s. What is the units digit of q?
5
Let o be (4*4)/(10/25). Suppose 3*p = -3*c + 63, 19 = 3*c - 2*p - 19. Let k = o - c. What is the units digit of k?
4
What is the tens digit of ((-11)/(440/(-24)))/(1/1905)?
4
Let q = -175 - -670. What is the tens digit of q?
9
Suppose 6*l - 4*l - 130 = 0. Let j = 106 - l. What is the units digit of j?
1
Let g = 55 + -43. Let v(d) = 4*d - 3*d + 0*d - 10. What is the units digit of v(g)?
2
Let s = 6 + 1241. What is the units digit of s?
7
Suppose 14 = -4*w + 4*q + 2, 3*w = 2*q - 7. Let g = 2 - w. Suppose -x - 3*z = -17, -g*z = 2*x + x - 69. What is the tens digit of x?
2
Let g be 38/10*(8 - 3). Let j = g - 13. What is the units digit of 3/j*(-2 + 20)?
9
Suppose -750 = 8*d - 9*d. What is the hundreds digit of d?
7
Let l(b) = 2*b**2 - 36*b + 24. Let w be l(24). Suppose 2*u - w = -u. What is the units digit of u?
4
Suppose 4*u - 4762 = -5*a + 3906, -3*u + 6 = 0. What is the thousands digit of a?
1
What is the hundreds digit of 9576/8 - (5 + 1)?
1
Suppose q - 353 = 4*w, -4*q - 3*w - 569 + 2000 = 0. Suppose -q = 56*y - 59*y. What is the hundreds digit of y?
1
Suppose 0*i + 36 = 3*i. Suppose 4*v + 1 = 17. Suppose -i = g - v*g. What is the units digit of g?
4
Let p = -11 + 1. Let w be p/(-25) + (-96)/(-10). Suppose 0 = 4*r + w - 30. What is the units digit of r?
5
Let n(m) = 23*m**3 + 11*m**2 - 8*m - 2. What is the units digit of n(3)?
4
Let f be (-4)/(-2) + 0 - -1. Suppose f - 22 = -2*d - 3*s, 4*d + 2*s = 26. Suppose -2*z = 6, d*z - 85 + 28 = -3*x. What is the units digit of x?
4
Suppose 11*a + 11712 = 23*a. What is the hundreds digit of a?
9
Let d(s) = 170*s - 26. What is the units digit of d(3)?
4
Let q(u) = 4*u - 2. Let a = 1 + 3. Suppose -2*p = a*p - 36. What is the tens digit of q(p)?
2
Suppose -2*b = -3*n - 61, 100 = 3*b - 15*n + 19*n. Let k = 6 + -2. Suppose k*g + b = 5*g. What is the tens digit of g?
3
Let o(b) = -9*b**3 + b**2 - 1. Let m be o(1). Let n = 8 + m. What is the tens digit of 1*n - (-27 + -6)?
3
What is the tens digit of 12/27 - ((-60186)/54 - 4)?
1
Let y be -10 + (3 + -7)/4. Let p = 12 + y. Let w = p - -1. What is the units digit of w?
2
Let k = 217 - -597. What is the tens digit of k?
1
Let q = 24 - 19. Suppose -q*s - k + 69 = 0, 5*k - 12 - 11 = -2*s. What is the tens digit of s?
1
Let w(i) = -i**2 + 7*i - 1. Let m be w(4). Suppose -m*v + 12*v = 60. What is the units digit of v?
0
Let x = 11 - -135. Suppose -52 = -2*r + x. What is the tens digit of r?
9
Let g(r) be the 